nd q?
8
Let l be -2 - ((-276)/3 + 2) - 0. Suppose -11*f + 176 - l = 0. Suppose 0 = j + 4*j + 2*d - 76, 4*j = 5*d + 74. Calculate the highest common factor of f and j.
8
Let q = -139 - -146. Suppose -q*z - 2*z = -1395. Calculate the highest common factor of z and 31.
31
Let t(q) = 4*q**2 + 36*q + 3. Let j be t(-10). Suppose -10*y + j*y - 3366 = 0. What is the greatest common divisor of y and 442?
34
Let i be 2431/117 + (-2)/(-9). Let x(h) be the second derivative of 11*h**3/2 - 15*h**2/2 - 27*h. Let o be x(3). What is the greatest common divisor of o and i?
21
Let x = -274 - -152. Suppose -9328 = -59*t + 6*t. Let h = t + x. Calculate the greatest common divisor of 6 and h.
6
Suppose -5*y + 2*y + 99 = 0. Let s = y - 37. Let z be 35 + (s - 0) + 3. Calculate the highest common factor of 34 and z.
34
Let x be 2/(-8) - (-316)/(-16). Let k = 31 + x. Let s be ((-35)/21)/(180/(-4752)). Calculate the greatest common divisor of s and k.
11
Suppose -45*f = 37*f + 25*f - 27071. What is the greatest common divisor of 40480 and f?
253
Suppose -3*d = -15, 757 = -4*q + 2*d - d. Let c = q - -244. What is the highest common factor of c and 16?
8
Let j(t) = 1041*t**2 - 77*t + 340. Let u be j(4). What is the highest common divisor of u and 112?
112
Let p(n) = -n + 63. Let y be p(-10). Suppose 1441 = 4*g + y. What is the greatest common divisor of 38 and g?
38
Suppose 30 - 1 = o. Let b = o + -27. Let z be ((-1102)/(-87))/(((-4)/(-6))/b). Calculate the highest common factor of 2 and z.
2
Let l(f) = 14489*f**2 - 120*f - 114. Let o be l(-1). What is the greatest common factor of o and 446?
223
Suppose 7403 - 923 = 129*l + 15*l. Suppose 5*k = 29 + 11. Let a be (6/k)/(2/24). What is the highest common factor of l and a?
9
Let o(x) = 25*x**2 - 2*x - 14. Suppose -5*i - 5*l + 2*l = -35, i = 3*l - 11. Let b be o(i). Calculate the greatest common divisor of b and 27.
27
Suppose 46*b + 1828 = 20247 + 24959. What is the highest common divisor of b and 230?
23
Let m(r) = r - 10. Let s be m(10). Let h be (30/(-21) - s)*(6 - 41). Let j(d) = 8*d**2 + d + 1. Let i be j(-4). What is the highest common divisor of h and i?
25
Let p(q) = -21*q + 162. Let k be p(6). Let u be (-9 + -9)*k/(-8). Calculate the greatest common divisor of 27 and u.
27
Suppose -2*c = -4*c + 28. Suppose -39*v + 12*v = -3*v - 2688. Calculate the highest common divisor of c and v.
14
Let z = -9 + 28. Let w(i) = i**2 + 13*i + 5. Let m be w(-18). What is the highest common factor of z and m?
19
Suppose -6*c - 10 + 40 = 0. Suppose 3*t + 2*t = -c*i + 240, 4*i - 144 = -3*t. What is the greatest common divisor of 60 and t?
12
Let l be 1 - -1 - (-4 - -2). Let k be (6/(-4) + (-3)/(-6))*(-2)/2. Suppose l + k = n. Calculate the highest common factor of 45 and n.
5
Let h be 56/(-6)*7/56*-6. Let g be ((-513)/15)/(h/(-35)). What is the greatest common factor of g and 18?
9
Let j be 70/9 - 112/(-504). Suppose j*g = -534 + 1710. Calculate the greatest common factor of g and 63.
21
Let u = 3837 - 3693. Let i = 103 - 67. Calculate the highest common factor of i and u.
36
Suppose -5*y + 4*y = -1, 447 = -5*o + 2*y. Let p = o - -99. Calculate the highest common factor of p and 840.
10
Suppose -3*r - 2*z + 35 = -3, r - 2*z = 10. Suppose 4*b + 5*q = 47, 22*b + 5*q = 17*b + 55. Calculate the highest common factor of b and r.
4
Let i(d) = -2*d**3 - 16*d**2 + 18*d + 212. Let b be i(-8). What is the highest common factor of b and 255?
17
Let g(s) = 66*s**2 + 247*s + 2. Let b be g(-8). Calculate the highest common divisor of 120 and b.
30
Let g be 41552/(-159)*4/(-8)*9. Calculate the highest common factor of g and 308.
28
Let j = -92 + 128. Suppose 12 = q - 4*a, 3*q = q + 2*a + j. Suppose 0 = -4*r + q + 40. What is the highest common divisor of 15 and r?
15
Suppose 36*x - 89801 - 118407 = -107*x. Calculate the greatest common factor of 52 and x.
52
Suppose 0 = 3384*j - 3392*j + 312. What is the highest common divisor of j and 1131?
39
Let b = 45 - 20. Let w(r) = -208*r - 1866. Let d be w(-9). Calculate the greatest common divisor of d and b.
1
Let n = -2661 + 2663. Let l(h) = h**2 + 9*h + 5. Let y be l(-8). Let d(v) = v**2 + 2*v. Let b be d(y). Calculate the greatest common divisor of n and b.
1
Let r(j) = -j**2 - 29*j - 12. Let k be -7 - -6 - 9*3. Let c be r(k). Calculate the highest common divisor of 80 and c.
16
Suppose 10*g - 36263 = 5917. Calculate the greatest common divisor of g and 114.
114
Let n(w) = 38*w + 19. Let v be n(0). What is the greatest common divisor of 6859 and v?
19
Suppose -d + 30 = -0*d. Let m be (228 - 257)*3420/(-174). What is the highest common divisor of d and m?
30
Let c = -685 + 704. Suppose 159 = 2*l + c. Let u = 18 + -8. What is the greatest common divisor of l and u?
10
Suppose -30*v + 23*v + 63*v - 125048 = 0. Calculate the highest common factor of 3045 and v.
203
Suppose 7*r + 520 - 51 = b, 5*r = 5*b - 2375. Calculate the highest common divisor of b and 4148.
68
Suppose 0 = 36*y - 11189 + 10541. Calculate the greatest common factor of y and 64458.
18
Let a(x) be the second derivative of -x**4/12 - 15*x**3/2 + 45*x**2 + 2*x - 47. Let t be a(-36). Calculate the highest common divisor of 18 and t.
18
Let h = 85 - 55. Let n be (9/6)/((-15)/(-50)). Suppose -n*r - 4*g - g = -115, -1 = g. What is the greatest common divisor of h and r?
6
Let d be 8/(-2*1)*2. Let b(v) = -v + 3*v + 9311*v**2 - 9310*v**2 + 4*v - 9. Let i be b(d). Calculate the highest common factor of i and 49.
7
Let n = 345 + -338. Suppose 0 = n*f - 263 - 178. Calculate the highest common divisor of 168 and f.
21
Let c = -118 + 202. Suppose -2*v = -2*x + 200, -3*x - 4*v + 209 = -c. Calculate the highest common divisor of 88 and x.
11
Suppose 22*u = -319 + 1045. What is the greatest common factor of 30690 and u?
33
Let x = -9 + 12. Suppose -x*k + 92 = -94. Let c = 716 + -623. Calculate the greatest common divisor of c and k.
31
Suppose -37869 = 489*i - 492*i. What is the highest common factor of i and 26?
13
Let q be 2/3*183/1. Let m = 5473 - 5480. Let c = q - m. Calculate the highest common factor of c and 86.
43
Suppose 126420 = 75*y + 9*y. What is the highest common divisor of y and 1015?
35
Suppose 258*x - 1658066 = 2007598. Calculate the greatest common divisor of 72 and x.
24
Suppose 13*l = 6*l - 34*l + 1951764. What is the highest common factor of l and 12?
12
Suppose 108 = 35*w - 23*w. Let q = w - 7. What is the highest common factor of 6 and q?
2
Let n be 208/130 + ((-2732)/(-5) - -3). Calculate the highest common divisor of 377 and n.
29
Let n = -123 - -167. Let h = -70 + 82. Suppose -7*w = -10*w + h. What is the greatest common divisor of w and n?
4
Let h(u) = 309*u**2 + 62*u + 1. Let x be h(-1). What is the greatest common factor of x and 1612?
124
Let v = 118 + -115. Let q be 2*v/24 + (-524)/(-16). What is the highest common factor of 143 and q?
11
Let h(b) = -32*b + 1053. Let c be h(24). Let r = 62 + -32. Calculate the highest common factor of c and r.
15
Suppose v - 7 = -2*j, -3*v = -2*j - j + 15. Calculate the highest common factor of 396 and j.
4
Let z be (-3)/2 + (-4 - (-7)/((-28)/(-8082))). Calculate the highest common factor of 221 and z.
13
Let v(w) = 2*w**2 + 20*w**2 - 7*w - 21 + 27 - 17. Let b be 11/(396/8) - (-29)/(-9). Let j be v(b). What is the greatest common factor of j and 13?
13
Let u = 763 + -631. Calculate the greatest common factor of 572 and u.
44
Let i(j) = 46 + 30*j - 11*j - 2*j**2 + 3*j**2 - 2*j**2. Let u be i(21). Suppose 0 = f - 4*f + 12. Calculate the highest common divisor of f and u.
4
Suppose 22*q + 396 = 20*q. Let j = q + 308. Calculate the greatest common divisor of j and 66.
22
Suppose -3*u - 96*t + 11856 = -99*t, u + 5*t = 3946. What is the greatest common divisor of u and 72?
9
Let p = -7756 + 8658. What is the highest common divisor of p and 55?
11
Let l(c) = c**2 - 6*c + 9. Let h be l(6). Suppose -h - 36 = -5*m - 4*o, m = 4*o - 15. Suppose -m*v = 194 - 754. Calculate the highest common factor of 16 and v.
16
Let h be (-44)/(-9) - (-2)/18. Suppose -6 = -h*s + 4. Suppose 2*o - 48 = -4*l + s*l, l - 51 = -2*o. What is the greatest common factor of o and 45?
9
Let s be 9 + (96/(-144))/((-2)/93). What is the greatest common divisor of s and 2280?
40
Let p = -3323 + 3353. What is the greatest common f